 + d. List the prime factors of h.
3, 5
Suppose 504280 = 79*x - 216753. What are the prime factors of x?
9127
Let s(f) be the third derivative of -7*f**6/60 + f**5/15 + f**4/8 - f**3/3 - 2*f**2 + 45. List the prime factors of s(-3).
13, 31
Suppose 4*o + 3*x + 3 = 0, x - 5 = -2*o - 6. Suppose 6*h - 7116 + 2220 = o. List the prime factors of h.
2, 3, 17
Let m(g) = 2597*g - 38. List the prime factors of m(3).
7753
What are the prime factors of ((-5)/((-75)/35))/(1 + (-11031)/11034)?
2, 7, 613
Let l(a) be the first derivative of -a**4/2 + 5*a**3/3 + 15*a**2/2 + 2*a + 55. What are the prime factors of l(-4)?
2, 3, 5
Let q = -33262 - -48903. What are the prime factors of q?
15641
What are the prime factors of 8309/(-5 + -1 - 112/(-16))?
7, 1187
Let s be 82 + (0 - (0 + -1)). Let t = s + -56. List the prime factors of t/2*(7 + -5).
3
Let v(r) = -r**3 - 10*r**2 + 12*r + 15. Let d be v(-11). Suppose 0 = d*a - 8*a + 136. What are the prime factors of a?
2, 17
Suppose 14*y - 22700 = -2962 + 90372. List the prime factors of y.
5, 11, 13
Suppose -3*m - 5*q = -9*q - 48174, 4*m + 5*q = 64232. List the prime factors of m.
2, 7, 31, 37
Suppose g + 326 = 2*g - 4*b, 0 = 5*b - 5. Let z be ((g/24)/(-11))/((-2)/40). Suppose 3*k - 6*k = -i + z, 0 = -3*k. What are the prime factors of i?
5
What are the prime factors of (3792/1)/4 - 7?
941
Suppose 0*h = -2*p - 2*h + 39238, -5*p + 12*h = -98146. List the prime factors of p.
2, 9811
Suppose -2780 = 2*v - 12*v. Suppose -1757 = -2*m - 3*t - v, 0 = -5*m + 3*t + 3645. List the prime factors of m.
2, 3, 61
Suppose -5*o + 13 + 2 = 0. Suppose -o*u - 5 = 2*x + 3, 0 = x + 3*u + 10. Suppose 0*f + f = 2, -2*g + x*f = -192. What are the prime factors of g?
2, 7
Let b = 38457 + -3597. What are the prime factors of b?
2, 3, 5, 7, 83
What are the prime factors of 756/882 + 99248/14?
2, 5, 709
Let k = -509 - -511. Suppose 5*w - 4522 + 1092 = k*z, 3*z = 2*w - 1361. What are the prime factors of w?
2, 43
Suppose 95 = -13*c + 147. Let o = c - -627. List the prime factors of o.
631
Let x(n) = -45*n**3 - 2*n**2 - 4*n - 2. Suppose 3*g - 9 = 3*h, -7 - 5 = 4*h + 2*g. Let q be x(h). Suppose 405 = 13*s - q. What are the prime factors of s?
2, 31
What are the prime factors of 773949/99 + -27 + 4/3?
2, 487
Suppose -282*r - 57485 = -4*k - 285*r, -3*k + r + 43117 = 0. List the prime factors of k.
2, 3593
Let x(a) = 2*a**3 + 85*a**2 - 29*a + 332. List the prime factors of x(-39).
2, 5, 7, 173
Let z(f) = -10*f + 151. Let y be z(14). Suppose -403 = -y*h + 10135. What are the prime factors of h?
2, 479
Let c(q) = q**2 + 9*q + 40. Let z be c(-10). Let h = 107 - z. Suppose -4*d + h = -215. What are the prime factors of d?
2, 17
Suppose -k + 5*o + 39 = -824, -o = k - 863. List the prime factors of k.
863
Let h = -32600 - -90667. What are the prime factors of h?
58067
Let o be -2*43/6*-99 + -3. Suppose -o = 22*k - 25*k. What are the prime factors of k?
2, 59
Suppose 2*j + 8 = 0, -20 - 36 = 4*q - 2*j. Let a = 31 + q. List the prime factors of a/1*72/30.
2, 3
Suppose a = 3, o + 12161 = -3*a + 8*a. List the prime factors of o/(-26) + 7/(-273)*6.
467
Suppose 6 = 2*q, 4*m - 4*q - 9452 = 25008. List the prime factors of m.
2, 31, 139
Let s be (27/(-18))/((-2)/4). Suppose 0 = -4*g + 20, -s*b = -g - 1 - 3. List the prime factors of 81 + ((-1)/b)/((-10)/120).
5, 17
Let k be (12 + -46)/((-46)/42 - -1). Suppose -10*j = -3*j - k. Suppose 0 = 5*a + 3*u - j, 2*a - 11 - 28 = 5*u. List the prime factors of a.
2, 3
Let z = 85 + -81. Let y = 99 + -43. Suppose -z*j = -y - 312. What are the prime factors of j?
2, 23
Let i(j) = j**3 + 18*j**2 - 28*j - 89. What are the prime factors of i(-9)?
2, 223
Let d(t) = t**3 - 4*t**2 - 4*t - 1. Let s be d(4). Let q = s + 22. Suppose -2*y - q*y + 602 = 0. List the prime factors of y.
2, 43
Let b = 4101 - 790. Let s = -2022 + b. List the prime factors of s.
1289
Let j = -13012 + 13901. What are the prime factors of j?
7, 127
Let j = 2887 - -9915. List the prime factors of j.
2, 37, 173
Suppose 2*u - 4*o + 3 = -3, 17 = 5*u - 2*o. Let r be (u + 18/(-3))/(-1 - 0). What are the prime factors of ((r - 3) + 14)/((-3)/(-10))?
2, 5
What are the prime factors of (1/(-1))/((-4*3/(-708888))/(-1))?
2, 29537
List the prime factors of ((-10)/(-6) - -15)*510/4.
5, 17
Let l be (((-75)/(-2))/((-4)/40))/(-1). Let o = 113 + l. List the prime factors of o.
2, 61
Suppose -65 = c - 69, c = 3*y - 129083. List the prime factors of y.
3, 7, 683
Let h be 2 - ((-1 - 1) + -2 + 4). Let t be 1/(h - 1 - 0) - -4. Suppose t*u + 218 = 1193. List the prime factors of u.
3, 5, 13
Let g(v) = -2*v**3 + 60*v**2 - 47*v + 58. What are the prime factors of g(25)?
3, 29, 59
Suppose 19*c = -42*c - 327643 + 1451995. List the prime factors of c.
2, 3
Suppose 74 = 5*z + 194. Let u = -36 - z. What are the prime factors of (-135)/((u/20)/(6/15))?
2, 3, 5
Let y = 336 + -332. Suppose 6*m - y*m = 2*q + 814, 16 = -4*q. List the prime factors of m.
13, 31
Let g = -129 - 36. Let w = 189 + g. List the prime factors of w.
2, 3
Suppose 10*f = 16*f - 6978. Suppose n + f = 4*z, 3*n + 425 + 454 = 3*z. What are the prime factors of z?
2, 5, 29
Let l(m) = 10*m**2 - 20*m + 58. What are the prime factors of l(8)?
2, 269
Suppose -54*z + 809640 = 76*z. List the prime factors of z.
2, 3, 173
Suppose 2 + 3 = p, -5*p + 27 = t. Suppose u - 26 = 2*v, -3*u + 68 = u + 4*v. Suppose -3*y - 189 = -t*z, y = -3*y - u. What are the prime factors of z?
3, 29
Let r = 433 + -409. Suppose 5*p = -3*a + 4411, r*p = -a + 21*p + 1469. List the prime factors of a.
2, 23
Let f = -4777 + 4849. What are the prime factors of f?
2, 3
Let k be 1 + 0 - (-12 - -11). Let o(y) = -2*y - k*y + 4 + y. What are the prime factors of o(-15)?
7
What are the prime factors of 5533 - (-5*(-6 - -7) + 4)?
2, 2767
Suppose 0 = -u + 67 - 8. Let r = u - 52. Suppose 352 = r*t - 1307. What are the prime factors of t?
3, 79
Let x(w) = 5*w**2 + 1. Let m be x(-5). Suppose -9*r + m = -3*r. List the prime factors of r.
3, 7
Suppose -2*t = 3*b - 22, 0*b = -3*b + 4*t - 8. What are the prime factors of 15379/52 + (2 - 7/b)?
2, 37
Let h(f) be the second derivative of f**3/6 + 30*f**2 - 197*f. What are the prime factors of h(3)?
3, 7
Let q(j) = 169*j + 968. What are the prime factors of q(144)?
2, 3163
Let z be (2 + -3)/((-7)/(140/2)). Let f(o) = 69*o - 233. What are the prime factors of f(z)?
457
Let m = 77 - 71. Let b be (3 + -1)/(2 + (-8)/m). What are the prime factors of -1 + 3 + 1 + 414/b?
3, 47
Suppose 0*b = 2*b + 4*a + 182, -3*a + 342 = -4*b. Let j = b + 582. What are the prime factors of j/7 - (-8)/28?
71
Suppose -4*q = 5*g - 8*q - 87744, -4*g = 5*q - 70187. List the prime factors of g.
2, 41, 107
Let p(l) = 6*l - 10*l - 18*l - 6. Let f(g) = -22*g - 6. Let z(i) = -2*f(i) + 3*p(i). List the prime factors of z(-3).
2, 3, 5
Suppose 171*v = 168*v + 49281. What are the prime factors of v?
16427
Let d(g) = -22*g - 4. Let j be d(-1). Suppose -36 = -j*u + 126. List the prime factors of u.
3
Let w(y) = 766*y + 7926. What are the prime factors of w(47)?
2, 17, 19
Suppose -22176 = -69*z + 58*z. What are the prime factors of z?
2, 3, 7
Let q = 254 - 252. Suppose 5*c + q*r = 8405, r - 4*r - 1681 = -c. List the prime factors of c.
41
Let o be ((-6)/(-9) - 1)/((-1)/(-123)). Let c = o + 265. List the prime factors of c.
2, 7
Let v = -26 + -2. Let r be (-10)/15 - v/6. What are the prime factors of 1 - 3/r - (-3339)/84?
2, 5
Let o be 9 + (-8)/(-3)*(-57)/38. List the prime factors of 45 + 37 - o*1.
7, 11
Let j(o) = o**3 + 7*o**2 + 6*o + 3. Let y(w) = w**3 - 6*w**2 + 4*w - 2. Let s be y(5). Let b be j(s). Let v = 86 + b. List the prime factors of v.
47
Let t be (4/14)/((-6)/(-42)) + -91. Let d = t + 91. Suppose 2*k + 4*o = 188, -4*k + d*o + 348 = 3*o. What are the prime factors of k?
2, 43
Let x = 46652 + -27274. Suppose 4*g + x + 27810 = -4*d, 4*g = -d - 11800. What are the prime factors of d/(-45) + 1*4/(-30)?
2, 131
Let q = 46450 - 26587. What are the prime factors of q?
3, 2207
Let d(b) = -16*b - 178. Let c be d(23). List the prime factors of (-18)/((-9)/6 + (-810)/c).
2, 3, 7, 13
Let x(z) = 102*z**2 + 9*z + 158. List the prime factors of x(-9).
31, 269
Suppose 3*o - 2 = 1. Let g be (-7 + o)*25/(-50). Let j(f) = f**3 - 2*f**2 + f. What are the prime factors of j(g)?
2,